{"id":16670,"date":"2021-12-27T14:31:23","date_gmt":"2021-12-27T19:31:23","guid":{"rendered":"https:\/\/homedecor.bosc.co\/store\/?post_type=product&#038;p=16670"},"modified":"2021-12-27T14:31:23","modified_gmt":"2021-12-27T19:31:23","slug":"lampara-lubeck-2","status":"publish","type":"product","link":"https:\/\/homedecor.bosc.co\/store\/producto\/lampara-lubeck-2\/","title":{"rendered":"L\u00e1mpara L\u00fcbeck"},"content":{"rendered":"<ul class=\"a-unordered-list a-vertical a-spacing-mini\">\n<li><span class=\"a-list-item\">Amplia aplicaci\u00f3n: Tama\u00f1o: 15.7 pulgadas de largo + 23.6 pulgadas de largo x 31.5 pulgadas de alto m\u00e1ximo; dise\u00f1ado en una forma moderna con tres anillos cuadrados y cuerdas ajustables; f\u00e1cil de instalar (toldo: 10.6 pulgadas) y recomendado para sala de estar, comedor, vest\u00edbulo, dormitorio, isla de cocina, etc <\/span><\/li>\n<li><span class=\"a-list-item\">M\u00faltiples formas: obtendr\u00e1s m\u00faltiples formas ajustando las cuerdas de los tres cuadrados f\u00e1cilmente a trav\u00e9s de pasadores de bloqueo de cable, hazlo t\u00fa mismo y elige tu forma favorita antes de instalar; las cuerdas se pueden ajustar de 1 a 47 pulgadas; se ajustan perfectamente a la altura de tu techo <\/span><\/li>\n<li><span class=\"a-list-item\">Larga vida \u00fatil: aluminio y silicona de alta calidad con recubrimiento en polvo y pulido aplicado, lo que resulta en resistencia a altas temperaturas, anticorrosi\u00f3n, antidecoloraci\u00f3n, no es f\u00e1cil de rayar y es f\u00e1cil de limpiar, asegurando as\u00ed una larga vida \u00fatil (&gt; 5000 horas) <\/span><\/li>\n<li><span class=\"a-list-item\">Brillo ideal: salida luminosa ideal para uso en interiores, hasta 8000 lm (70 lm\/w) con CCT blanco c\u00e1lido 3000 K; CRI hasta 80, lo que resulta en una alta reproducci\u00f3n de color; ten en cuenta que esta luz no es regulable <\/span><\/li>\n<li><span class=\"a-list-item\">\u3010Garant\u00eda y posventa\u3011 Dos a\u00f1os de garant\u00eda y 100% de reembolso o reemplazo est\u00e1 asegurado; tenemos nuestra propia f\u00e1brica y un equipo de ingeniero profesional; ponte en contacto con nosotros en cualquier momento<\/span><\/li>\n<\/ul>\n","protected":false},"excerpt":{"rendered":"<p>Amplia aplicaci\u00f3n: Tama\u00f1o: 15.7 pulgadas de largo + 23.6 pulgadas de largo x 31.5 pulgadas de alto m\u00e1ximo; dise\u00f1ado en una forma moderna con tres anillos cuadrados y cuerdas ajustables;&hellip;<\/p>\n","protected":false},"featured_media":16671,"comment_status":"open","ping_status":"closed","template":"","meta":[],"product_cat":[163],"product_tag":[],"class_list":["post-16670","product","type-product","status-publish","has-post-thumbnail","hentry","product_cat-lamparas-de-techo","layout-style-1","col-md-4 col-sm-4 col-xs-6","product-has-gallery","product-style-default"],"_links":{"self":[{"href":"https:\/\/homedecor.bosc.co\/store\/wp-json\/wp\/v2\/product\/16670","targetHints":{"allow":["GET"]}}],"collection":[{"href":"https:\/\/homedecor.bosc.co\/store\/wp-json\/wp\/v2\/product"}],"about":[{"href":"https:\/\/homedecor.bosc.co\/store\/wp-json\/wp\/v2\/types\/product"}],"replies":[{"embeddable":true,"href":"https:\/\/homedecor.bosc.co\/store\/wp-json\/wp\/v2\/comments?post=16670"}],"wp:featuredmedia":[{"embeddable":true,"href":"https:\/\/homedecor.bosc.co\/store\/wp-json\/wp\/v2\/media\/16671"}],"wp:attachment":[{"href":"https:\/\/homedecor.bosc.co\/store\/wp-json\/wp\/v2\/media?parent=16670"}],"wp:term":[{"taxonomy":"product_cat","embeddable":true,"href":"https:\/\/homedecor.bosc.co\/store\/wp-json\/wp\/v2\/product_cat?post=16670"},{"taxonomy":"product_tag","embeddable":true,"href":"https:\/\/homedecor.bosc.co\/store\/wp-json\/wp\/v2\/product_tag?post=16670"}],"curies":[{"name":"wp","href":"https:\/\/api.w.org\/{rel}","templated":true}]}}