{"id":16440,"date":"2021-09-27T21:45:00","date_gmt":"2021-09-28T02:45:00","guid":{"rendered":"https:\/\/homedecor.bosc.co\/store\/?post_type=product&#038;p=16440"},"modified":"2021-09-27T21:45:01","modified_gmt":"2021-09-28T02:45:01","slug":"carrito-de-bar-kinsale","status":"publish","type":"product","link":"https:\/\/homedecor.bosc.co\/store\/producto\/carrito-de-bar-kinsale\/","title":{"rendered":"Carrito de Bar Kinsale"},"content":{"rendered":"<ul class=\"a-unordered-list a-vertical a-spacing-mini\">\n<li><span class=\"a-list-item\">Acabado: color dorado satinado<\/span><\/li>\n<li><span class=\"a-list-item\">Dos, safety-tempered estantes de vidrio<\/span><\/li>\n<li><span class=\"a-list-item\">Ruedas para la movilidad con dos cierre<\/span><\/li>\n<li><span class=\"a-list-item\">Terminado en todos los lados para una colocaci\u00f3n vers\u00e1til<\/span><\/li>\n<li><span class=\"a-list-item\">Construcci\u00f3n de metal<\/span><\/li>\n<\/ul>\n","protected":false},"excerpt":{"rendered":"<p>Acabado: color dorado satinado Dos, safety-tempered estantes de vidrio Ruedas para la movilidad con dos cierre Terminado en todos los lados para una colocaci\u00f3n vers\u00e1til Construcci\u00f3n de metal<\/p>\n","protected":false},"featured_media":16441,"comment_status":"open","ping_status":"closed","template":"","meta":[],"product_cat":[172],"product_tag":[],"class_list":["post-16440","product","type-product","status-publish","has-post-thumbnail","hentry","product_cat-carritos-de-bar","layout-style-1","col-md-4 col-sm-4 col-xs-6","product-has-gallery","product-style-default"],"_links":{"self":[{"href":"https:\/\/homedecor.bosc.co\/store\/wp-json\/wp\/v2\/product\/16440","targetHints":{"allow":["GET"]}}],"collection":[{"href":"https:\/\/homedecor.bosc.co\/store\/wp-json\/wp\/v2\/product"}],"about":[{"href":"https:\/\/homedecor.bosc.co\/store\/wp-json\/wp\/v2\/types\/product"}],"replies":[{"embeddable":true,"href":"https:\/\/homedecor.bosc.co\/store\/wp-json\/wp\/v2\/comments?post=16440"}],"wp:featuredmedia":[{"embeddable":true,"href":"https:\/\/homedecor.bosc.co\/store\/wp-json\/wp\/v2\/media\/16441"}],"wp:attachment":[{"href":"https:\/\/homedecor.bosc.co\/store\/wp-json\/wp\/v2\/media?parent=16440"}],"wp:term":[{"taxonomy":"product_cat","embeddable":true,"href":"https:\/\/homedecor.bosc.co\/store\/wp-json\/wp\/v2\/product_cat?post=16440"},{"taxonomy":"product_tag","embeddable":true,"href":"https:\/\/homedecor.bosc.co\/store\/wp-json\/wp\/v2\/product_tag?post=16440"}],"curies":[{"name":"wp","href":"https:\/\/api.w.org\/{rel}","templated":true}]}}