{"id":16268,"date":"2021-09-16T13:40:35","date_gmt":"2021-09-16T18:40:35","guid":{"rendered":"https:\/\/homedecor.bosc.co\/store\/?post_type=product&#038;p=16268"},"modified":"2021-09-16T13:40:35","modified_gmt":"2021-09-16T18:40:35","slug":"lampara-rocheford","status":"publish","type":"product","link":"https:\/\/homedecor.bosc.co\/store\/producto\/lampara-rocheford\/","title":{"rendered":"L\u00e1mpara Rocheford"},"content":{"rendered":"<ul class=\"a-unordered-list a-vertical a-spacing-mini\">\n<li><span class=\"a-list-item\">9 luces chapadas en oro moderno de alta calidad K9 l\u00e1mparas de ara\u00f1a de cristal colgante de techo estilo gota de lluvia.<\/span><\/li>\n<li><span class=\"a-list-item\">Dimensi\u00f3n de la fijaci\u00f3n: consulta la tercera imagen para ver las dimensiones (cables de acero inoxidable de 39.4\u00a0in, ajustable). Material: cristales K9 transparentes de alta calidad y acero inoxidable.<\/span><\/li>\n<li><span class=\"a-list-item\">Fuente de luz: bombillas E12 regulables incluidas. M\u00e1ximo 60 W por bombilla, la l\u00e1mpara de ara\u00f1a tambi\u00e9n es compatible con LED regulable, ahorro de energ\u00eda, bombillas hal\u00f3genas, etc.<\/span><\/li>\n<\/ul>\n","protected":false},"excerpt":{"rendered":"<p>9 luces chapadas en oro moderno de alta calidad K9 l\u00e1mparas de ara\u00f1a de cristal colgante de techo estilo gota de lluvia. Dimensi\u00f3n de la fijaci\u00f3n: consulta la tercera imagen&hellip;<\/p>\n","protected":false},"featured_media":16269,"comment_status":"open","ping_status":"closed","template":"","meta":[],"product_cat":[165],"product_tag":[],"class_list":["post-16268","product","type-product","status-publish","has-post-thumbnail","hentry","product_cat-lamparas-chandellier","layout-style-1","col-md-4 col-sm-4 col-xs-6","product-has-gallery","product-style-default"],"_links":{"self":[{"href":"https:\/\/homedecor.bosc.co\/store\/wp-json\/wp\/v2\/product\/16268","targetHints":{"allow":["GET"]}}],"collection":[{"href":"https:\/\/homedecor.bosc.co\/store\/wp-json\/wp\/v2\/product"}],"about":[{"href":"https:\/\/homedecor.bosc.co\/store\/wp-json\/wp\/v2\/types\/product"}],"replies":[{"embeddable":true,"href":"https:\/\/homedecor.bosc.co\/store\/wp-json\/wp\/v2\/comments?post=16268"}],"wp:featuredmedia":[{"embeddable":true,"href":"https:\/\/homedecor.bosc.co\/store\/wp-json\/wp\/v2\/media\/16269"}],"wp:attachment":[{"href":"https:\/\/homedecor.bosc.co\/store\/wp-json\/wp\/v2\/media?parent=16268"}],"wp:term":[{"taxonomy":"product_cat","embeddable":true,"href":"https:\/\/homedecor.bosc.co\/store\/wp-json\/wp\/v2\/product_cat?post=16268"},{"taxonomy":"product_tag","embeddable":true,"href":"https:\/\/homedecor.bosc.co\/store\/wp-json\/wp\/v2\/product_tag?post=16268"}],"curies":[{"name":"wp","href":"https:\/\/api.w.org\/{rel}","templated":true}]}}