{"id":16201,"date":"2021-09-14T14:39:16","date_gmt":"2021-09-14T19:39:16","guid":{"rendered":"https:\/\/homedecor.bosc.co\/store\/?post_type=product&#038;p=16201"},"modified":"2021-09-14T14:39:16","modified_gmt":"2021-09-14T19:39:16","slug":"persianas-de-madera","status":"publish","type":"product","link":"https:\/\/homedecor.bosc.co\/store\/producto\/persianas-de-madera\/","title":{"rendered":"Persianas de Madera"},"content":{"rendered":"<p>La serenidad llegar\u00e1 a los espacios donde se instalen estas persianas de madera 100% natural, con una variedad de colores que se adaptar\u00e1n a tu estilo.<\/p>\n<p>Eficiente control de luz con toda la elegancia de la madera natural en ambientes como estudios y salas.<\/p>\n<p>Disponibles en colores, blancos, grises, natural hasta wengue, adem\u00e1s posee una base y cenefa coordinadas con el color de la l\u00e1mina y ofrece la opci\u00f3n de agregar cintas decorativas.<\/p>\n","protected":false},"excerpt":{"rendered":"<p>Los precios var\u00edan seg\u00fan tama\u00f1o y especificaciones de la cortina.<\/p>\n","protected":false},"featured_media":16203,"comment_status":"open","ping_status":"closed","template":"","meta":[],"product_cat":[156],"product_tag":[],"class_list":["post-16201","product","type-product","status-publish","has-post-thumbnail","hentry","product_cat-cortinas-2","layout-style-1","col-md-4 col-sm-4 col-xs-6","product-has-gallery","product-style-default"],"_links":{"self":[{"href":"https:\/\/homedecor.bosc.co\/store\/wp-json\/wp\/v2\/product\/16201","targetHints":{"allow":["GET"]}}],"collection":[{"href":"https:\/\/homedecor.bosc.co\/store\/wp-json\/wp\/v2\/product"}],"about":[{"href":"https:\/\/homedecor.bosc.co\/store\/wp-json\/wp\/v2\/types\/product"}],"replies":[{"embeddable":true,"href":"https:\/\/homedecor.bosc.co\/store\/wp-json\/wp\/v2\/comments?post=16201"}],"wp:featuredmedia":[{"embeddable":true,"href":"https:\/\/homedecor.bosc.co\/store\/wp-json\/wp\/v2\/media\/16203"}],"wp:attachment":[{"href":"https:\/\/homedecor.bosc.co\/store\/wp-json\/wp\/v2\/media?parent=16201"}],"wp:term":[{"taxonomy":"product_cat","embeddable":true,"href":"https:\/\/homedecor.bosc.co\/store\/wp-json\/wp\/v2\/product_cat?post=16201"},{"taxonomy":"product_tag","embeddable":true,"href":"https:\/\/homedecor.bosc.co\/store\/wp-json\/wp\/v2\/product_tag?post=16201"}],"curies":[{"name":"wp","href":"https:\/\/api.w.org\/{rel}","templated":true}]}}