{"id":16162,"date":"2021-09-14T13:56:31","date_gmt":"2021-09-14T18:56:31","guid":{"rendered":"https:\/\/homedecor.bosc.co\/store\/?post_type=product&#038;p=16162"},"modified":"2021-09-14T13:56:32","modified_gmt":"2021-09-14T18:56:32","slug":"cortina-duo","status":"publish","type":"product","link":"https:\/\/homedecor.bosc.co\/store\/producto\/cortina-duo\/","title":{"rendered":"Cortina Duo"},"content":{"rendered":"<p>Ten el control de la luz a cualquier hora del dia, grad\u00faa sus franjas con un suave movimiento.<\/p>\n<p>Mecanismos manuales de origen alem\u00e1n de 8 a\u00f1os de garant\u00eda o sistemas motorizados para m\u00e1xima comodidad.<\/p>\n<p>Tejidos transl\u00facidos y Room darkening que dar\u00e1n oscuridad.<\/p>\n","protected":false},"excerpt":{"rendered":"<p>Los precios var\u00edan seg\u00fan tama\u00f1o y especificaciones de la cortina.<\/p>\n","protected":false},"featured_media":16163,"comment_status":"open","ping_status":"closed","template":"","meta":[],"product_cat":[156],"product_tag":[],"class_list":["post-16162","product","type-product","status-publish","has-post-thumbnail","hentry","product_cat-cortinas-2","layout-style-1","col-md-4 col-sm-4 col-xs-6","product-has-gallery","product-style-default"],"_links":{"self":[{"href":"https:\/\/homedecor.bosc.co\/store\/wp-json\/wp\/v2\/product\/16162","targetHints":{"allow":["GET"]}}],"collection":[{"href":"https:\/\/homedecor.bosc.co\/store\/wp-json\/wp\/v2\/product"}],"about":[{"href":"https:\/\/homedecor.bosc.co\/store\/wp-json\/wp\/v2\/types\/product"}],"replies":[{"embeddable":true,"href":"https:\/\/homedecor.bosc.co\/store\/wp-json\/wp\/v2\/comments?post=16162"}],"wp:featuredmedia":[{"embeddable":true,"href":"https:\/\/homedecor.bosc.co\/store\/wp-json\/wp\/v2\/media\/16163"}],"wp:attachment":[{"href":"https:\/\/homedecor.bosc.co\/store\/wp-json\/wp\/v2\/media?parent=16162"}],"wp:term":[{"taxonomy":"product_cat","embeddable":true,"href":"https:\/\/homedecor.bosc.co\/store\/wp-json\/wp\/v2\/product_cat?post=16162"},{"taxonomy":"product_tag","embeddable":true,"href":"https:\/\/homedecor.bosc.co\/store\/wp-json\/wp\/v2\/product_tag?post=16162"}],"curies":[{"name":"wp","href":"https:\/\/api.w.org\/{rel}","templated":true}]}}