{"id":16125,"date":"2021-09-11T19:56:28","date_gmt":"2021-09-12T00:56:28","guid":{"rendered":"https:\/\/homedecor.bosc.co\/store\/?post_type=product&#038;p=16125"},"modified":"2021-09-11T19:56:28","modified_gmt":"2021-09-12T00:56:28","slug":"lampara-postdam","status":"publish","type":"product","link":"https:\/\/homedecor.bosc.co\/store\/producto\/lampara-postdam\/","title":{"rendered":"Lampara Postdam"},"content":{"rendered":"<ul class=\"a-unordered-list a-vertical a-spacing-mini\">\n<li><span class=\"a-list-item\">Bombilla LED de 6 W incluida; BoostArea insiste en producir l\u00e1mparas de pie LED ecol\u00f3gicas para hacer esfuerzos por proteger el planeta; no necesita bombilla adicional, proporcionaremos una bombilla LED de 6 W que es eficaz y respetuosa con el medio ambiente, mientras que consume menos energ\u00eda; mejor para la sala de piano y el maquillaje; con el fin de dejarte el espacio para ser creativo, esta bombilla LED es reemplazable; casquillo de l\u00e1mpara E26 que te permite cambiar diferentes formas de luz. bombillas; si usted wia Se sugiere una bombilla m\u00e1s peque\u00f1a<\/span><\/li>\n<li><span class=\"a-list-item\">Elegante dise\u00f1o en forma de diamante; con una pantalla de l\u00e1mpara en forma de diamante, no es solo una l\u00e1mpara de pie, sino m\u00e1s como una decoraci\u00f3n de habitaci\u00f3n de alta gama; el dise\u00f1ador combina diamantes, l\u00edneas de metal y otros conceptos relacionados para a\u00f1adir m\u00e1s elementos art\u00edsticos a esta moderna l\u00e1mpara de pie; ya sea que tu estilo de hogar es retro o moderno, su dise\u00f1o elegante trae tu hogar art\u00edstico; adecuado para rec\u00e1mara, sala de estar, oficina o cualquier lugar donde quieras lugar; para personas a las personas que quieran el minimalismo y el estilo industrial, estamos listos. <\/span><\/li>\n<\/ul>\n","protected":false},"excerpt":{"rendered":"<p>Bombilla LED de 6 W incluida; BoostArea insiste en producir l\u00e1mparas de pie LED ecol\u00f3gicas para hacer esfuerzos por proteger el planeta; no necesita bombilla adicional, proporcionaremos una bombilla LED&hellip;<\/p>\n","protected":false},"featured_media":16126,"comment_status":"open","ping_status":"closed","template":"","meta":[],"product_cat":[164],"product_tag":[],"class_list":["post-16125","product","type-product","status-publish","has-post-thumbnail","hentry","product_cat-lamparas-de-piso","layout-style-1","col-md-4 col-sm-4 col-xs-6","product-has-gallery","product-style-default"],"_links":{"self":[{"href":"https:\/\/homedecor.bosc.co\/store\/wp-json\/wp\/v2\/product\/16125","targetHints":{"allow":["GET"]}}],"collection":[{"href":"https:\/\/homedecor.bosc.co\/store\/wp-json\/wp\/v2\/product"}],"about":[{"href":"https:\/\/homedecor.bosc.co\/store\/wp-json\/wp\/v2\/types\/product"}],"replies":[{"embeddable":true,"href":"https:\/\/homedecor.bosc.co\/store\/wp-json\/wp\/v2\/comments?post=16125"}],"wp:featuredmedia":[{"embeddable":true,"href":"https:\/\/homedecor.bosc.co\/store\/wp-json\/wp\/v2\/media\/16126"}],"wp:attachment":[{"href":"https:\/\/homedecor.bosc.co\/store\/wp-json\/wp\/v2\/media?parent=16125"}],"wp:term":[{"taxonomy":"product_cat","embeddable":true,"href":"https:\/\/homedecor.bosc.co\/store\/wp-json\/wp\/v2\/product_cat?post=16125"},{"taxonomy":"product_tag","embeddable":true,"href":"https:\/\/homedecor.bosc.co\/store\/wp-json\/wp\/v2\/product_tag?post=16125"}],"curies":[{"name":"wp","href":"https:\/\/api.w.org\/{rel}","templated":true}]}}