{"id":15985,"date":"2021-09-11T12:49:07","date_gmt":"2021-09-11T17:49:07","guid":{"rendered":"https:\/\/homedecor.bosc.co\/store\/?post_type=product&#038;p=15985"},"modified":"2021-10-01T12:21:20","modified_gmt":"2021-10-01T17:21:20","slug":"funda-edredon-berlin","status":"publish","type":"product","link":"https:\/\/homedecor.bosc.co\/store\/producto\/funda-edredon-berlin\/","title":{"rendered":"Funda Edredon Berlin (Queen\/King)"},"content":{"rendered":"<ul class=\"a-unordered-list a-vertical a-spacing-mini\">\n<li><span class=\"a-list-item\">Medidas: set de edred\u00f3n cobertor con 3 unidades, edred\u00f3n cobertor Full\/Queen de 90&#8243; x 90&#8243;; 2 fundas de almohada de 26&#8243; x 20&#8243;, el dise\u00f1o del edred\u00f3n cobertor se cierra con bot\u00f3n.<\/span><\/li>\n<li><span class=\"a-list-item\">Estructura de \u00f3ptima calidad. El edred\u00f3n cobertor est\u00e1 fabricado de granos de microfibra con doble cepillado e importada de primera calidad. El exclusivo proceso de tejido de la microfibra de doble cepillado de nuestra ropa de cama proporciona una tela densa con hebras delgadas y una textura suave. M\u00e1s duraderas y suaves que el algod\u00f3n.<\/span><\/li>\n<\/ul>\n","protected":false},"excerpt":{"rendered":"<p>Medidas: set de edred\u00f3n cobertor con 3 unidades, edred\u00f3n cobertor Full\/Queen de 90&#8243; x 90&#8243;; 2 fundas de almohada de 26&#8243; x 20&#8243;, el dise\u00f1o del edred\u00f3n cobertor se cierra&hellip;<\/p>\n","protected":false},"featured_media":15986,"comment_status":"open","ping_status":"closed","template":"","meta":[],"product_cat":[160],"product_tag":[],"class_list":["post-15985","product","type-product","status-publish","has-post-thumbnail","hentry","product_cat-ropa-de-cama","layout-style-1","col-md-4 col-sm-4 col-xs-6","product-has-gallery","product-style-default"],"_links":{"self":[{"href":"https:\/\/homedecor.bosc.co\/store\/wp-json\/wp\/v2\/product\/15985","targetHints":{"allow":["GET"]}}],"collection":[{"href":"https:\/\/homedecor.bosc.co\/store\/wp-json\/wp\/v2\/product"}],"about":[{"href":"https:\/\/homedecor.bosc.co\/store\/wp-json\/wp\/v2\/types\/product"}],"replies":[{"embeddable":true,"href":"https:\/\/homedecor.bosc.co\/store\/wp-json\/wp\/v2\/comments?post=15985"}],"wp:featuredmedia":[{"embeddable":true,"href":"https:\/\/homedecor.bosc.co\/store\/wp-json\/wp\/v2\/media\/15986"}],"wp:attachment":[{"href":"https:\/\/homedecor.bosc.co\/store\/wp-json\/wp\/v2\/media?parent=15985"}],"wp:term":[{"taxonomy":"product_cat","embeddable":true,"href":"https:\/\/homedecor.bosc.co\/store\/wp-json\/wp\/v2\/product_cat?post=15985"},{"taxonomy":"product_tag","embeddable":true,"href":"https:\/\/homedecor.bosc.co\/store\/wp-json\/wp\/v2\/product_tag?post=15985"}],"curies":[{"name":"wp","href":"https:\/\/api.w.org\/{rel}","templated":true}]}}