{"id":15951,"date":"2021-09-11T12:20:23","date_gmt":"2021-09-11T17:20:23","guid":{"rendered":"https:\/\/homedecor.bosc.co\/store\/?post_type=product&#038;p=15951"},"modified":"2021-09-13T13:25:53","modified_gmt":"2021-09-13T18:25:53","slug":"funda-edredon-oakville","status":"publish","type":"product","link":"https:\/\/homedecor.bosc.co\/store\/producto\/funda-edredon-oakville\/","title":{"rendered":"Funda Edredon Oakville (Queen\/King)"},"content":{"rendered":"<ul class=\"a-unordered-list a-vertical a-spacing-mini\">\n<li><span class=\"a-list-item\">Alta calidad: juego de 3 piezas, funda de edred\u00f3n hecha de microfibra de alta calidad. La ropa de cama de microfibra lavada da como resultado una tela densa con hebras finas y una textura suave m\u00e1s suave que el algod\u00f3n egipcio de alta densidad de hilos.<\/span><\/li>\n<li><span class=\"a-list-item\">No incluye las s\u00e1banas ni la pieza de relleno de la funda de edred\u00f3n: este juego de funda de edred\u00f3n de 3 piezas incluye 1 funda de edred\u00f3n y 2 fundas de almohada, no viene con s\u00e1banas a juego ni pieza de relleno de la funda del edred\u00f3n.<\/span><\/li>\n<\/ul>\n","protected":false},"excerpt":{"rendered":"<p>Alta calidad: juego de 3 piezas, funda de edred\u00f3n hecha de microfibra de alta calidad. La ropa de cama de microfibra lavada da como resultado una tela densa con hebras&hellip;<\/p>\n","protected":false},"featured_media":15952,"comment_status":"open","ping_status":"closed","template":"","meta":[],"product_cat":[160],"product_tag":[],"class_list":["post-15951","product","type-product","status-publish","has-post-thumbnail","hentry","product_cat-ropa-de-cama","layout-style-1","col-md-4 col-sm-4 col-xs-6","product-has-gallery","product-style-default"],"_links":{"self":[{"href":"https:\/\/homedecor.bosc.co\/store\/wp-json\/wp\/v2\/product\/15951","targetHints":{"allow":["GET"]}}],"collection":[{"href":"https:\/\/homedecor.bosc.co\/store\/wp-json\/wp\/v2\/product"}],"about":[{"href":"https:\/\/homedecor.bosc.co\/store\/wp-json\/wp\/v2\/types\/product"}],"replies":[{"embeddable":true,"href":"https:\/\/homedecor.bosc.co\/store\/wp-json\/wp\/v2\/comments?post=15951"}],"wp:featuredmedia":[{"embeddable":true,"href":"https:\/\/homedecor.bosc.co\/store\/wp-json\/wp\/v2\/media\/15952"}],"wp:attachment":[{"href":"https:\/\/homedecor.bosc.co\/store\/wp-json\/wp\/v2\/media?parent=15951"}],"wp:term":[{"taxonomy":"product_cat","embeddable":true,"href":"https:\/\/homedecor.bosc.co\/store\/wp-json\/wp\/v2\/product_cat?post=15951"},{"taxonomy":"product_tag","embeddable":true,"href":"https:\/\/homedecor.bosc.co\/store\/wp-json\/wp\/v2\/product_tag?post=15951"}],"curies":[{"name":"wp","href":"https:\/\/api.w.org\/{rel}","templated":true}]}}