{"id":15883,"date":"2021-09-10T12:28:19","date_gmt":"2021-09-10T17:28:19","guid":{"rendered":"https:\/\/homedecor.bosc.co\/store\/?post_type=product&#038;p=15883"},"modified":"2021-09-10T12:28:19","modified_gmt":"2021-09-10T17:28:19","slug":"mesa-de-cafe-circular-moncton","status":"publish","type":"product","link":"https:\/\/homedecor.bosc.co\/store\/producto\/mesa-de-cafe-circular-moncton\/","title":{"rendered":"Mesa de Cafe Circular Moncton"},"content":{"rendered":"<ul class=\"a-unordered-list a-vertical a-spacing-mini\">\n<li><span class=\"a-list-item\">Acabado: color dorado satinado<\/span><\/li>\n<li><span class=\"a-list-item\">Terminado en todos los lados para una colocaci\u00f3n vers\u00e1til<\/span><\/li>\n<li><span class=\"a-list-item\">safety-tempered parte superior de vidrio<\/span><\/li>\n<li><span class=\"a-list-item\">Construcci\u00f3n de metal<\/span><\/li>\n<\/ul>\n","protected":false},"excerpt":{"rendered":"<p>Acabado: color dorado satinado Terminado en todos los lados para una colocaci\u00f3n vers\u00e1til safety-tempered parte superior de vidrio Construcci\u00f3n de metal<\/p>\n","protected":false},"featured_media":15884,"comment_status":"open","ping_status":"closed","template":"","meta":[],"product_cat":[169],"product_tag":[],"class_list":["post-15883","product","type-product","status-publish","has-post-thumbnail","hentry","product_cat-mobiliario","layout-style-1","col-md-4 col-sm-4 col-xs-6","product-has-gallery","product-style-default"],"_links":{"self":[{"href":"https:\/\/homedecor.bosc.co\/store\/wp-json\/wp\/v2\/product\/15883","targetHints":{"allow":["GET"]}}],"collection":[{"href":"https:\/\/homedecor.bosc.co\/store\/wp-json\/wp\/v2\/product"}],"about":[{"href":"https:\/\/homedecor.bosc.co\/store\/wp-json\/wp\/v2\/types\/product"}],"replies":[{"embeddable":true,"href":"https:\/\/homedecor.bosc.co\/store\/wp-json\/wp\/v2\/comments?post=15883"}],"wp:featuredmedia":[{"embeddable":true,"href":"https:\/\/homedecor.bosc.co\/store\/wp-json\/wp\/v2\/media\/15884"}],"wp:attachment":[{"href":"https:\/\/homedecor.bosc.co\/store\/wp-json\/wp\/v2\/media?parent=15883"}],"wp:term":[{"taxonomy":"product_cat","embeddable":true,"href":"https:\/\/homedecor.bosc.co\/store\/wp-json\/wp\/v2\/product_cat?post=15883"},{"taxonomy":"product_tag","embeddable":true,"href":"https:\/\/homedecor.bosc.co\/store\/wp-json\/wp\/v2\/product_tag?post=15883"}],"curies":[{"name":"wp","href":"https:\/\/api.w.org\/{rel}","templated":true}]}}