{"id":15814,"date":"2021-09-10T11:20:46","date_gmt":"2021-09-10T16:20:46","guid":{"rendered":"https:\/\/homedecor.bosc.co\/store\/?post_type=product&#038;p=15814"},"modified":"2021-09-10T11:20:46","modified_gmt":"2021-09-10T16:20:46","slug":"cojin-hamilton","status":"publish","type":"product","link":"https:\/\/homedecor.bosc.co\/store\/producto\/cojin-hamilton\/","title":{"rendered":"Coj\u00edn Hamilton"},"content":{"rendered":"<ul class=\"a-unordered-list a-vertical a-spacing-mini\">\n<li><span class=\"a-list-item\">2 fundas de coj\u00edn sin relleno.<\/span><\/li>\n<li><span class=\"a-list-item\">El tama\u00f1o de la funda de coj\u00edn es de 20 x 20 pulgadas.<\/span><\/li>\n<li><span class=\"a-list-item\">Tela: Hecho de tela jacquard de alta calidad grado A, ambos lados tienen el mismo dise\u00f1o.<\/span><\/li>\n<li><span class=\"a-list-item\">Dise\u00f1o de cremallera invisible, todos los bordes est\u00e1n cosidos con puntadas en zigzag para evitar que se deshilache.<\/span><\/li>\n<li><span class=\"a-list-item\">F\u00e1cil cuidado: limpiar ligeramente las manchas o lavar a mano con detergente suave y agua fr\u00eda y luego secar al aire.<\/span><\/li>\n<\/ul>\n","protected":false},"excerpt":{"rendered":"<p>2 fundas de coj\u00edn sin relleno. El tama\u00f1o de la funda de coj\u00edn es de 20 x 20 pulgadas. Tela: Hecho de tela jacquard de alta calidad grado A, ambos&hellip;<\/p>\n","protected":false},"featured_media":15815,"comment_status":"open","ping_status":"closed","template":"","meta":[],"product_cat":[166],"product_tag":[],"class_list":["post-15814","product","type-product","status-publish","has-post-thumbnail","hentry","product_cat-cojines","layout-style-1","col-md-4 col-sm-4 col-xs-6","product-has-gallery","product-style-default"],"_links":{"self":[{"href":"https:\/\/homedecor.bosc.co\/store\/wp-json\/wp\/v2\/product\/15814","targetHints":{"allow":["GET"]}}],"collection":[{"href":"https:\/\/homedecor.bosc.co\/store\/wp-json\/wp\/v2\/product"}],"about":[{"href":"https:\/\/homedecor.bosc.co\/store\/wp-json\/wp\/v2\/types\/product"}],"replies":[{"embeddable":true,"href":"https:\/\/homedecor.bosc.co\/store\/wp-json\/wp\/v2\/comments?post=15814"}],"wp:featuredmedia":[{"embeddable":true,"href":"https:\/\/homedecor.bosc.co\/store\/wp-json\/wp\/v2\/media\/15815"}],"wp:attachment":[{"href":"https:\/\/homedecor.bosc.co\/store\/wp-json\/wp\/v2\/media?parent=15814"}],"wp:term":[{"taxonomy":"product_cat","embeddable":true,"href":"https:\/\/homedecor.bosc.co\/store\/wp-json\/wp\/v2\/product_cat?post=15814"},{"taxonomy":"product_tag","embeddable":true,"href":"https:\/\/homedecor.bosc.co\/store\/wp-json\/wp\/v2\/product_tag?post=15814"}],"curies":[{"name":"wp","href":"https:\/\/api.w.org\/{rel}","templated":true}]}}