{"id":15748,"date":"2021-09-09T14:51:51","date_gmt":"2021-09-09T19:51:51","guid":{"rendered":"https:\/\/homedecor.bosc.co\/store\/?post_type=product&#038;p=15748"},"modified":"2021-09-10T14:02:06","modified_gmt":"2021-09-10T19:02:06","slug":"cogin-vancouver","status":"publish","type":"product","link":"https:\/\/homedecor.bosc.co\/store\/producto\/cogin-vancouver\/","title":{"rendered":"Coj\u00edn Vancouver"},"content":{"rendered":"<p>Tu funda de almohada es ahora \u00fanica. Una vuelta de decoraciones de plumas muy suaves unidas a la superficie, a\u00f1adiendo un aspecto elegante a tus almohadas.<\/p>\n<p>Nota: plumas naturales utilizadas, por lo que puede desprenderse ligeramente.<\/p>\n","protected":false},"excerpt":{"rendered":"<p>Tu funda de almohada es ahora \u00fanica. Una vuelta de decoraciones de plumas muy suaves unidas a la superficie, a\u00f1adiendo un aspecto elegante a tus almohadas. Nota: plumas naturales utilizadas,&hellip;<\/p>\n","protected":false},"featured_media":15749,"comment_status":"open","ping_status":"closed","template":"","meta":[],"product_cat":[166],"product_tag":[],"class_list":["post-15748","product","type-product","status-publish","has-post-thumbnail","hentry","product_cat-cojines","layout-style-1","col-md-4 col-sm-4 col-xs-6","product-has-gallery","product-style-default"],"_links":{"self":[{"href":"https:\/\/homedecor.bosc.co\/store\/wp-json\/wp\/v2\/product\/15748","targetHints":{"allow":["GET"]}}],"collection":[{"href":"https:\/\/homedecor.bosc.co\/store\/wp-json\/wp\/v2\/product"}],"about":[{"href":"https:\/\/homedecor.bosc.co\/store\/wp-json\/wp\/v2\/types\/product"}],"replies":[{"embeddable":true,"href":"https:\/\/homedecor.bosc.co\/store\/wp-json\/wp\/v2\/comments?post=15748"}],"wp:featuredmedia":[{"embeddable":true,"href":"https:\/\/homedecor.bosc.co\/store\/wp-json\/wp\/v2\/media\/15749"}],"wp:attachment":[{"href":"https:\/\/homedecor.bosc.co\/store\/wp-json\/wp\/v2\/media?parent=15748"}],"wp:term":[{"taxonomy":"product_cat","embeddable":true,"href":"https:\/\/homedecor.bosc.co\/store\/wp-json\/wp\/v2\/product_cat?post=15748"},{"taxonomy":"product_tag","embeddable":true,"href":"https:\/\/homedecor.bosc.co\/store\/wp-json\/wp\/v2\/product_tag?post=15748"}],"curies":[{"name":"wp","href":"https:\/\/api.w.org\/{rel}","templated":true}]}}