{"id":15675,"date":"2021-09-09T10:34:42","date_gmt":"2021-09-09T15:34:42","guid":{"rendered":"https:\/\/homedecor.bosc.co\/store\/?post_type=product&#038;p=15675"},"modified":"2021-12-16T11:29:23","modified_gmt":"2021-12-16T16:29:23","slug":"lampara-amiens","status":"publish","type":"product","link":"https:\/\/homedecor.bosc.co\/store\/producto\/lampara-amiens\/","title":{"rendered":"L\u00e1mpara Amiens"},"content":{"rendered":"<p>Estilo simple y conciso con base de bola de cristal y pantalla de tela blanca, la l\u00e1mpara de mesa dorada proporciona un ambiente rom\u00e1ntico y c\u00e1lido en cualquier lugar de la decoraci\u00f3n de tu hogar. Maravilloso regalo para tus amigos, familiares o socios de negocios.<\/p>\n<p>&nbsp;<\/p>\n","protected":false},"excerpt":{"rendered":"<p>Estilo simple y conciso con base de bola de cristal y pantalla de tela blanca, la l\u00e1mpara de mesa dorada proporciona un ambiente rom\u00e1ntico y c\u00e1lido en cualquier lugar de&hellip;<\/p>\n","protected":false},"featured_media":15676,"comment_status":"open","ping_status":"closed","template":"","meta":[],"product_cat":[162],"product_tag":[],"class_list":["post-15675","product","type-product","status-publish","has-post-thumbnail","hentry","product_cat-lamparas","layout-style-1","col-md-4 col-sm-4 col-xs-6","product-has-gallery","product-style-default"],"_links":{"self":[{"href":"https:\/\/homedecor.bosc.co\/store\/wp-json\/wp\/v2\/product\/15675","targetHints":{"allow":["GET"]}}],"collection":[{"href":"https:\/\/homedecor.bosc.co\/store\/wp-json\/wp\/v2\/product"}],"about":[{"href":"https:\/\/homedecor.bosc.co\/store\/wp-json\/wp\/v2\/types\/product"}],"replies":[{"embeddable":true,"href":"https:\/\/homedecor.bosc.co\/store\/wp-json\/wp\/v2\/comments?post=15675"}],"wp:featuredmedia":[{"embeddable":true,"href":"https:\/\/homedecor.bosc.co\/store\/wp-json\/wp\/v2\/media\/15676"}],"wp:attachment":[{"href":"https:\/\/homedecor.bosc.co\/store\/wp-json\/wp\/v2\/media?parent=15675"}],"wp:term":[{"taxonomy":"product_cat","embeddable":true,"href":"https:\/\/homedecor.bosc.co\/store\/wp-json\/wp\/v2\/product_cat?post=15675"},{"taxonomy":"product_tag","embeddable":true,"href":"https:\/\/homedecor.bosc.co\/store\/wp-json\/wp\/v2\/product_tag?post=15675"}],"curies":[{"name":"wp","href":"https:\/\/api.w.org\/{rel}","templated":true}]}}