{"id":15649,"date":"2021-09-08T13:04:10","date_gmt":"2021-09-08T18:04:10","guid":{"rendered":"https:\/\/homedecor.bosc.co\/store\/?post_type=product&#038;p=15649"},"modified":"2021-09-13T14:12:44","modified_gmt":"2021-09-13T19:12:44","slug":"lampara-langres","status":"publish","type":"product","link":"https:\/\/homedecor.bosc.co\/store\/producto\/lampara-langres\/","title":{"rendered":"L\u00e1mpara Langres X2"},"content":{"rendered":"<p>las l\u00e1mparas de mesa LANGRES son un cl\u00e1sico moderno, acabado con detalles de alta gama como nuestra pantalla de l\u00e1mpara, f\u00e1cil interruptor de 1 v\u00eda y elegante LED blanco suave. Dise\u00f1ado para iluminar tu hogar con luz c\u00e1lida, esta l\u00e1mpara es una adici\u00f3n elegante a cualquier sala de estar, comedor, dormitorio, entrada u oficina. Hemos incluido bombillas LED que utilizan un 90% menos de energ\u00eda que las incandescentes, y nuestras l\u00e1mparas tambi\u00e9n se ajustan a bombillas est\u00e1ndar. Nuestra iluminaci\u00f3n es ETL y cumple con las normas UL de 120 voltios para seguridad y calidad.<\/p>\n<p><span class=\"a-list-item\">Bombillas LED de ahorro de energ\u00eda incluidas: compatible con Philips Hue y Alexa Smart enchufes (se venden por separado), nuestras bombillas LED incluidas proporcionan una iluminaci\u00f3n suave y sin parpadeos. Fabricadas con la \u00faltima tecnolog\u00eda, las bombillas LED JONATHAN Y tienen una vida \u00fatil de 25.000 horas. \u00bfQu\u00e9 significa esto? En condiciones de uso normal, las bombillas LED que est\u00e1n encendidas de 6 a 8 horas al d\u00eda pueden durar hasta diez a\u00f1os. Incluso con un uso intensivo, nuestras resistentes bombillas LED seguir\u00e1n durando varios a\u00f1os. Nuestras bombillas LED de alta calidad son una mejora de ahorro de energ\u00eda respecto a las bombillas incandescentes est\u00e1ndar.<\/span><\/p>\n","protected":false},"excerpt":{"rendered":"<p>las l\u00e1mparas de mesa LANGRES son un cl\u00e1sico moderno, acabado con detalles de alta gama como nuestra pantalla de l\u00e1mpara, f\u00e1cil interruptor de 1 v\u00eda y elegante LED blanco suave.&hellip;<\/p>\n","protected":false},"featured_media":15650,"comment_status":"open","ping_status":"closed","template":"","meta":[],"product_cat":[162],"product_tag":[],"class_list":["post-15649","product","type-product","status-publish","has-post-thumbnail","hentry","product_cat-lamparas","layout-style-1","col-md-4 col-sm-4 col-xs-6","product-has-gallery","product-style-default"],"_links":{"self":[{"href":"https:\/\/homedecor.bosc.co\/store\/wp-json\/wp\/v2\/product\/15649","targetHints":{"allow":["GET"]}}],"collection":[{"href":"https:\/\/homedecor.bosc.co\/store\/wp-json\/wp\/v2\/product"}],"about":[{"href":"https:\/\/homedecor.bosc.co\/store\/wp-json\/wp\/v2\/types\/product"}],"replies":[{"embeddable":true,"href":"https:\/\/homedecor.bosc.co\/store\/wp-json\/wp\/v2\/comments?post=15649"}],"wp:featuredmedia":[{"embeddable":true,"href":"https:\/\/homedecor.bosc.co\/store\/wp-json\/wp\/v2\/media\/15650"}],"wp:attachment":[{"href":"https:\/\/homedecor.bosc.co\/store\/wp-json\/wp\/v2\/media?parent=15649"}],"wp:term":[{"taxonomy":"product_cat","embeddable":true,"href":"https:\/\/homedecor.bosc.co\/store\/wp-json\/wp\/v2\/product_cat?post=15649"},{"taxonomy":"product_tag","embeddable":true,"href":"https:\/\/homedecor.bosc.co\/store\/wp-json\/wp\/v2\/product_tag?post=15649"}],"curies":[{"name":"wp","href":"https:\/\/api.w.org\/{rel}","templated":true}]}}