{"id":15627,"date":"2021-09-08T11:53:58","date_gmt":"2021-09-08T16:53:58","guid":{"rendered":"https:\/\/homedecor.bosc.co\/store\/?post_type=product&#038;p=15627"},"modified":"2021-09-08T11:53:58","modified_gmt":"2021-09-08T16:53:58","slug":"lampara-la-rochelle","status":"publish","type":"product","link":"https:\/\/homedecor.bosc.co\/store\/producto\/lampara-la-rochelle\/","title":{"rendered":"L\u00e1mpara La Rochelle"},"content":{"rendered":"<p>El dise\u00f1o muestra perfectamente un estilo atemporal y un encanto contempor\u00e1neo a cualquier espacio. La pantalla de cristal esmerilado y el acabado de lat\u00f3n a\u00f1ade estilo retro.<\/p>\n<p>La pantalla de cristal esmerilado mantiene alejada del polvo dentro de la l\u00e1mpara, solo limpia el polvo en la superficie de la pantalla para mantener la iluminaci\u00f3n siempre peque\u00f1a.<\/p>\n","protected":false},"excerpt":{"rendered":"<p>El dise\u00f1o muestra perfectamente un estilo atemporal y un encanto contempor\u00e1neo a cualquier espacio. La pantalla de cristal esmerilado y el acabado de lat\u00f3n a\u00f1ade estilo retro. La pantalla de&hellip;<\/p>\n","protected":false},"featured_media":15628,"comment_status":"open","ping_status":"closed","template":"","meta":[],"product_cat":[163],"product_tag":[],"class_list":["post-15627","product","type-product","status-publish","has-post-thumbnail","hentry","product_cat-lamparas-de-techo","layout-style-1","col-md-4 col-sm-4 col-xs-6","product-has-gallery","product-style-default"],"_links":{"self":[{"href":"https:\/\/homedecor.bosc.co\/store\/wp-json\/wp\/v2\/product\/15627","targetHints":{"allow":["GET"]}}],"collection":[{"href":"https:\/\/homedecor.bosc.co\/store\/wp-json\/wp\/v2\/product"}],"about":[{"href":"https:\/\/homedecor.bosc.co\/store\/wp-json\/wp\/v2\/types\/product"}],"replies":[{"embeddable":true,"href":"https:\/\/homedecor.bosc.co\/store\/wp-json\/wp\/v2\/comments?post=15627"}],"wp:featuredmedia":[{"embeddable":true,"href":"https:\/\/homedecor.bosc.co\/store\/wp-json\/wp\/v2\/media\/15628"}],"wp:attachment":[{"href":"https:\/\/homedecor.bosc.co\/store\/wp-json\/wp\/v2\/media?parent=15627"}],"wp:term":[{"taxonomy":"product_cat","embeddable":true,"href":"https:\/\/homedecor.bosc.co\/store\/wp-json\/wp\/v2\/product_cat?post=15627"},{"taxonomy":"product_tag","embeddable":true,"href":"https:\/\/homedecor.bosc.co\/store\/wp-json\/wp\/v2\/product_tag?post=15627"}],"curies":[{"name":"wp","href":"https:\/\/api.w.org\/{rel}","templated":true}]}}