{"id":15606,"date":"2021-09-08T11:20:30","date_gmt":"2021-09-08T16:20:30","guid":{"rendered":"https:\/\/homedecor.bosc.co\/store\/?post_type=product&#038;p=15606"},"modified":"2021-09-08T11:20:30","modified_gmt":"2021-09-08T16:20:30","slug":"lampara-marsella","status":"publish","type":"product","link":"https:\/\/homedecor.bosc.co\/store\/producto\/lampara-marsella\/","title":{"rendered":"L\u00e1mpara Marsella"},"content":{"rendered":"<p>Las l\u00edneas simples y limpias de esta moderna l\u00e1mpara de pie permiten que se mezcle con la mayor\u00eda de cualquier decoraci\u00f3n. Una base de metal y poste y una hermosa pantalla de tela texturizada combinada con su dise\u00f1o minimalista da vida a una categor\u00eda n\u00f3rdica. Bombillas no incluidas.<\/p>\n<p>Coloca esta elegante l\u00e1mpara en cualquier habitaci\u00f3n o decoraci\u00f3n. Ideal para esquinas de sala de estar, junto a un sof\u00e1 o en otros espacios reducidos como dormitorios o apartamentos. Un complemento perfecto para cualquier hogar o negocio. Interruptor giratorio f\u00e1cil de encender\/apagar.<\/p>\n","protected":false},"excerpt":{"rendered":"<p>Las l\u00edneas simples y limpias de esta moderna l\u00e1mpara de pie permiten que se mezcle con la mayor\u00eda de cualquier decoraci\u00f3n. Una base de metal y poste y una hermosa&hellip;<\/p>\n","protected":false},"featured_media":15607,"comment_status":"open","ping_status":"closed","template":"","meta":[],"product_cat":[164],"product_tag":[],"class_list":["post-15606","product","type-product","status-publish","has-post-thumbnail","hentry","product_cat-lamparas-de-piso","layout-style-1","col-md-4 col-sm-4 col-xs-6","product-has-gallery","product-style-default"],"_links":{"self":[{"href":"https:\/\/homedecor.bosc.co\/store\/wp-json\/wp\/v2\/product\/15606","targetHints":{"allow":["GET"]}}],"collection":[{"href":"https:\/\/homedecor.bosc.co\/store\/wp-json\/wp\/v2\/product"}],"about":[{"href":"https:\/\/homedecor.bosc.co\/store\/wp-json\/wp\/v2\/types\/product"}],"replies":[{"embeddable":true,"href":"https:\/\/homedecor.bosc.co\/store\/wp-json\/wp\/v2\/comments?post=15606"}],"wp:featuredmedia":[{"embeddable":true,"href":"https:\/\/homedecor.bosc.co\/store\/wp-json\/wp\/v2\/media\/15607"}],"wp:attachment":[{"href":"https:\/\/homedecor.bosc.co\/store\/wp-json\/wp\/v2\/media?parent=15606"}],"wp:term":[{"taxonomy":"product_cat","embeddable":true,"href":"https:\/\/homedecor.bosc.co\/store\/wp-json\/wp\/v2\/product_cat?post=15606"},{"taxonomy":"product_tag","embeddable":true,"href":"https:\/\/homedecor.bosc.co\/store\/wp-json\/wp\/v2\/product_tag?post=15606"}],"curies":[{"name":"wp","href":"https:\/\/api.w.org\/{rel}","templated":true}]}}