{"id":15593,"date":"2021-09-08T10:37:01","date_gmt":"2021-09-08T15:37:01","guid":{"rendered":"https:\/\/homedecor.bosc.co\/store\/?post_type=product&#038;p=15593"},"modified":"2021-09-08T10:37:01","modified_gmt":"2021-09-08T15:37:01","slug":"ksana-lampara-de-arana-dorada","status":"publish","type":"product","link":"https:\/\/homedecor.bosc.co\/store\/producto\/ksana-lampara-de-arana-dorada\/","title":{"rendered":"KSANA L\u00e1mpara de ara\u00f1a dorada"},"content":{"rendered":"<p>Esta impresionante luminaria con acabados dorados relucientes, presenta un aspecto lujoso y m\u00e1gico. Es una gran opci\u00f3n para hacer una impresi\u00f3n en un vest\u00edbulo, entrada, comedor y sala de estar, dormitorios y cocina. Cuenta con esferas de metal caladas duraderas para albergar tres luces en la pantalla central para suficiente iluminaci\u00f3n. Solo para dar una presencia de lujo a tu dulce hogar.<\/p>\n<p>Esta l\u00e1mpara de ara\u00f1a mide 15.5 in de di\u00e1metro x 18.0 in de altura, por lo que su tama\u00f1o es perfecto para cualquiera de tus habitaciones. El toldo mide 5.0 x 1.0 in, dise\u00f1ado para cubrir una caja el\u00e9ctrica est\u00e1ndar. Viene con una cadena ajustable de 59.1 in de altura que te permite ajustar la altura entre 78.0 in a 21.7 in desde el techo a la parte inferior seg\u00fan tus necesidades (incluye cables de 9.8 ft para techo m\u00e1s alto.<\/p>\n","protected":false},"excerpt":{"rendered":"<p>Esta impresionante luminaria con acabados dorados relucientes, presenta un aspecto lujoso y m\u00e1gico. Es una gran opci\u00f3n para hacer una impresi\u00f3n en un vest\u00edbulo, entrada, comedor y sala de estar,&hellip;<\/p>\n","protected":false},"featured_media":15594,"comment_status":"open","ping_status":"closed","template":"","meta":[],"product_cat":[163],"product_tag":[],"class_list":["post-15593","product","type-product","status-publish","has-post-thumbnail","hentry","product_cat-lamparas-de-techo","layout-style-1","col-md-4 col-sm-4 col-xs-6","product-has-gallery","product-style-default"],"_links":{"self":[{"href":"https:\/\/homedecor.bosc.co\/store\/wp-json\/wp\/v2\/product\/15593","targetHints":{"allow":["GET"]}}],"collection":[{"href":"https:\/\/homedecor.bosc.co\/store\/wp-json\/wp\/v2\/product"}],"about":[{"href":"https:\/\/homedecor.bosc.co\/store\/wp-json\/wp\/v2\/types\/product"}],"replies":[{"embeddable":true,"href":"https:\/\/homedecor.bosc.co\/store\/wp-json\/wp\/v2\/comments?post=15593"}],"wp:featuredmedia":[{"embeddable":true,"href":"https:\/\/homedecor.bosc.co\/store\/wp-json\/wp\/v2\/media\/15594"}],"wp:attachment":[{"href":"https:\/\/homedecor.bosc.co\/store\/wp-json\/wp\/v2\/media?parent=15593"}],"wp:term":[{"taxonomy":"product_cat","embeddable":true,"href":"https:\/\/homedecor.bosc.co\/store\/wp-json\/wp\/v2\/product_cat?post=15593"},{"taxonomy":"product_tag","embeddable":true,"href":"https:\/\/homedecor.bosc.co\/store\/wp-json\/wp\/v2\/product_tag?post=15593"}],"curies":[{"name":"wp","href":"https:\/\/api.w.org\/{rel}","templated":true}]}}