{"id":15568,"date":"2021-09-07T21:21:06","date_gmt":"2021-09-08T02:21:06","guid":{"rendered":"https:\/\/homedecor.bosc.co\/store\/?post_type=product&#038;p=15568"},"modified":"2021-09-08T10:29:02","modified_gmt":"2021-09-08T15:29:02","slug":"lampara-de-techo-moderna-bokt","status":"publish","type":"product","link":"https:\/\/homedecor.bosc.co\/store\/producto\/lampara-de-techo-moderna-bokt\/","title":{"rendered":"L\u00e1mpara de techo moderna BOKT"},"content":{"rendered":"<p>las luces de pared est\u00e1n hechas de metal con una sombra de globo de vidrio. La pantalla de cristal redonda puede iluminar tu espacio en la mayor medida. Exquisita luz de pared elegante crea una fuente de iluminaci\u00f3n bellamente equilibrada. El dise\u00f1o simple y elegante refleja tu b\u00fasqueda de la moda. Tipo de base: E26 * 1 (bombilla no incluida).<\/p>\n<p>Especificaciones:<\/p>\n<p>Color: Voltaje de oro: 110-250V para todo el mundo (no regulable); Fuente de luz: E26\/E27Vida \u00fatil media: 10000 (h) Estilo del producto: estilo moderno\/retroIrradiation: 16.4-32.8 ft cuadrados. Material: Pantalla de metal y cristal<\/p>\n","protected":false},"excerpt":{"rendered":"<p>las luces de pared est\u00e1n hechas de metal con una sombra de globo de vidrio. La pantalla de cristal redonda puede iluminar tu espacio en la mayor medida. Exquisita luz&hellip;<\/p>\n","protected":false},"featured_media":15569,"comment_status":"open","ping_status":"closed","template":"","meta":[],"product_cat":[163],"product_tag":[],"class_list":["post-15568","product","type-product","status-publish","has-post-thumbnail","hentry","product_cat-lamparas-de-techo","layout-style-1","col-md-4 col-sm-4 col-xs-6","product-has-gallery","product-style-default"],"_links":{"self":[{"href":"https:\/\/homedecor.bosc.co\/store\/wp-json\/wp\/v2\/product\/15568","targetHints":{"allow":["GET"]}}],"collection":[{"href":"https:\/\/homedecor.bosc.co\/store\/wp-json\/wp\/v2\/product"}],"about":[{"href":"https:\/\/homedecor.bosc.co\/store\/wp-json\/wp\/v2\/types\/product"}],"replies":[{"embeddable":true,"href":"https:\/\/homedecor.bosc.co\/store\/wp-json\/wp\/v2\/comments?post=15568"}],"wp:featuredmedia":[{"embeddable":true,"href":"https:\/\/homedecor.bosc.co\/store\/wp-json\/wp\/v2\/media\/15569"}],"wp:attachment":[{"href":"https:\/\/homedecor.bosc.co\/store\/wp-json\/wp\/v2\/media?parent=15568"}],"wp:term":[{"taxonomy":"product_cat","embeddable":true,"href":"https:\/\/homedecor.bosc.co\/store\/wp-json\/wp\/v2\/product_cat?post=15568"},{"taxonomy":"product_tag","embeddable":true,"href":"https:\/\/homedecor.bosc.co\/store\/wp-json\/wp\/v2\/product_tag?post=15568"}],"curies":[{"name":"wp","href":"https:\/\/api.w.org\/{rel}","templated":true}]}}