{"id":15532,"date":"2021-09-06T16:29:00","date_gmt":"2021-09-06T21:29:00","guid":{"rendered":"https:\/\/homedecor.bosc.co\/store\/?post_type=product&#038;p=15532"},"modified":"2021-09-13T13:13:05","modified_gmt":"2021-09-13T18:13:05","slug":"funda-edredon-ferrara","status":"publish","type":"product","link":"https:\/\/homedecor.bosc.co\/store\/producto\/funda-edredon-ferrara\/","title":{"rendered":"Funda Edredon Ferrara (King)"},"content":{"rendered":"<p>Bordado delicado y elegante, que adopta tecnolog\u00eda avanzada para aumentar el encanto de los juegos de colcha te har\u00e1 experimentar la exquisita artesan\u00eda en casa. Varios colores (Negro, Gris y Beige) para que elijas para que coincida con tu estilo de dise\u00f1o interior.<\/p>\n<p>100% algod\u00f3n crudo, respetuoso con el medio ambiente. Nuestros juegos de edred\u00f3n son lavados por enzimas para hacer que el color y el brillo sean m\u00e1s completos y brillantes. Cuanto m\u00e1s lo laves, m\u00e1s suave se pone.<\/p>\n<p>Incluye: <span class=\"a-list-item\">Funda de cama de gran tama\u00f1o King\/California King de 3 piezas incluye dos fundas de almohada (20 x 36 pulgadas) y una colcha (98 x 106 pulgadas). Disfruta de este conjunto que cubre completamente tu cama.<\/span><\/p>\n","protected":false},"excerpt":{"rendered":"<p>Bordado delicado y elegante, que adopta tecnolog\u00eda avanzada para aumentar el encanto de los juegos de colcha te har\u00e1 experimentar la exquisita artesan\u00eda en casa. Varios colores (Negro, Gris y&hellip;<\/p>\n","protected":false},"featured_media":15533,"comment_status":"open","ping_status":"closed","template":"","meta":[],"product_cat":[160],"product_tag":[],"class_list":["post-15532","product","type-product","status-publish","has-post-thumbnail","hentry","product_cat-ropa-de-cama","layout-style-1","col-md-4 col-sm-4 col-xs-6","product-has-gallery","product-style-default"],"_links":{"self":[{"href":"https:\/\/homedecor.bosc.co\/store\/wp-json\/wp\/v2\/product\/15532","targetHints":{"allow":["GET"]}}],"collection":[{"href":"https:\/\/homedecor.bosc.co\/store\/wp-json\/wp\/v2\/product"}],"about":[{"href":"https:\/\/homedecor.bosc.co\/store\/wp-json\/wp\/v2\/types\/product"}],"replies":[{"embeddable":true,"href":"https:\/\/homedecor.bosc.co\/store\/wp-json\/wp\/v2\/comments?post=15532"}],"wp:featuredmedia":[{"embeddable":true,"href":"https:\/\/homedecor.bosc.co\/store\/wp-json\/wp\/v2\/media\/15533"}],"wp:attachment":[{"href":"https:\/\/homedecor.bosc.co\/store\/wp-json\/wp\/v2\/media?parent=15532"}],"wp:term":[{"taxonomy":"product_cat","embeddable":true,"href":"https:\/\/homedecor.bosc.co\/store\/wp-json\/wp\/v2\/product_cat?post=15532"},{"taxonomy":"product_tag","embeddable":true,"href":"https:\/\/homedecor.bosc.co\/store\/wp-json\/wp\/v2\/product_tag?post=15532"}],"curies":[{"name":"wp","href":"https:\/\/api.w.org\/{rel}","templated":true}]}}