{"id":15503,"date":"2021-09-06T13:33:25","date_gmt":"2021-09-06T18:33:25","guid":{"rendered":"https:\/\/homedecor.bosc.co\/store\/?post_type=product&#038;p=15503"},"modified":"2021-09-06T13:35:07","modified_gmt":"2021-09-06T18:35:07","slug":"funda-edredon-venecia","status":"publish","type":"product","link":"https:\/\/homedecor.bosc.co\/store\/producto\/funda-edredon-venecia\/","title":{"rendered":"Funda Edredon Venecia"},"content":{"rendered":"<p>la funda de edred\u00f3n floral supersuave Venecia est\u00e1 hecha de 100% algod\u00f3n. La tela premium es transpirable y agradable al tacto, te traer\u00e1 una experiencia de sue\u00f1o c\u00f3moda y maravillosa para ti. El material de algod\u00f3n es adecuado para todas las estaciones, gran opci\u00f3n tanto para adolescentes como para adultos.<\/p>\n<p>el juego de edred\u00f3n blanco y negro est\u00e1 dise\u00f1ado con un elegante patr\u00f3n floral. Cada funda de cama de algod\u00f3n con una cremallera oculta puede insertar y quitar f\u00e1cilmente el edred\u00f3n seg\u00fan sea necesario. Lazo en las cuatro esquinas para mantener el edred\u00f3n en su lugar.<\/p>\n<p>Juego de funda de edred\u00f3n de algod\u00f3n tama\u00f1o queen Incluye: 1 funda de edred\u00f3n de 89.8 x 89.8 in, 2 fundas de almohada de 19.7 x 26.0 in. Lujoso juego de cama con dise\u00f1o floral y estilo moderno que dar\u00e1 a tu vida una sensaci\u00f3n fresca cada d\u00eda. Un gran regalo para Navidad, A\u00f1o Nuevo, boda, cumplea\u00f1os, vacaciones o d\u00eda especial<\/p>\n","protected":false},"excerpt":{"rendered":"<p>la funda de edred\u00f3n floral supersuave Venecia est\u00e1 hecha de 100% algod\u00f3n. La tela premium es transpirable y agradable al tacto, te traer\u00e1 una experiencia de sue\u00f1o c\u00f3moda y maravillosa&hellip;<\/p>\n","protected":false},"featured_media":15504,"comment_status":"open","ping_status":"closed","template":"","meta":[],"product_cat":[160],"product_tag":[],"class_list":["post-15503","product","type-product","status-publish","has-post-thumbnail","hentry","product_cat-ropa-de-cama","layout-style-1","col-md-4 col-sm-4 col-xs-6","product-has-gallery","product-style-default"],"_links":{"self":[{"href":"https:\/\/homedecor.bosc.co\/store\/wp-json\/wp\/v2\/product\/15503","targetHints":{"allow":["GET"]}}],"collection":[{"href":"https:\/\/homedecor.bosc.co\/store\/wp-json\/wp\/v2\/product"}],"about":[{"href":"https:\/\/homedecor.bosc.co\/store\/wp-json\/wp\/v2\/types\/product"}],"replies":[{"embeddable":true,"href":"https:\/\/homedecor.bosc.co\/store\/wp-json\/wp\/v2\/comments?post=15503"}],"wp:featuredmedia":[{"embeddable":true,"href":"https:\/\/homedecor.bosc.co\/store\/wp-json\/wp\/v2\/media\/15504"}],"wp:attachment":[{"href":"https:\/\/homedecor.bosc.co\/store\/wp-json\/wp\/v2\/media?parent=15503"}],"wp:term":[{"taxonomy":"product_cat","embeddable":true,"href":"https:\/\/homedecor.bosc.co\/store\/wp-json\/wp\/v2\/product_cat?post=15503"},{"taxonomy":"product_tag","embeddable":true,"href":"https:\/\/homedecor.bosc.co\/store\/wp-json\/wp\/v2\/product_tag?post=15503"}],"curies":[{"name":"wp","href":"https:\/\/api.w.org\/{rel}","templated":true}]}}